?
True
Is 45671399 a composite number?
True
Is 98120397 a composite number?
True
Is 49824493 a prime number?
True
Is 4350677 a composite number?
True
Is 3410909 a prime number?
True
Is 11623453 composite?
False
Is 25117669 prime?
False
Is 1261867 composite?
True
Is 238829407 composite?
True
Is 182333 prime?
True
Is 24549643 a composite number?
False
Is 64041205 a prime number?
False
Is 71599187 a prime number?
False
Is 3165611 a composite number?
True
Is 319883 a prime number?
True
Is 6417766 a composite number?
True
Is 386887 a composite number?
False
Is 10894451 a composite number?
False
Is 634793 a prime number?
True
Is 12531437 a prime number?
True
Is 87390769 prime?
False
Is 1192193151 a composite number?
True
Is 1361 a composite number?
False
Is 2839913 prime?
True
Is 88171621 composite?
False
Is 39689059 prime?
False
Is 3994537 composite?
False
Is 875131 composite?
True
Is 243671621 a prime number?
True
Is 54899513 a composite number?
False
Is 1711685 a composite number?
True
Is 3618949 a prime number?
False
Is 12029821 prime?
False
Is 442889 a composite number?
True
Is 1172431 prime?
False
Is 121971193 a prime number?
True
Is 18458617 a prime number?
False
Is 39959345 composite?
True
Is 35705281 composite?
False
Is 107457121 composite?
False
Is 261184457 a composite number?
False
Is 26322979 a prime number?
True
Is 884773 a prime number?
False
Is 209086727 a prime number?
True
Is 2335127 a composite number?
True
Is 33369109 a prime number?
True
Is 23338439 composite?
True
Is 1961521051 prime?
False
Is 30440031 a prime number?
False
Is 10244873 a composite number?
False
Is 10504991 a prime number?
False
Is 11524141 a prime number?
True
Is 8238445 prime?
False
Is 45814649 composite?
False
Is 9032887 prime?
True
Is 16225882 a composite number?
True
Is 51245183 prime?
False
Is 724585181 prime?
True
Is 65784639 a prime number?
False
Is 20791099 prime?
False
Is 61531793 a composite number?
False
Is 2237951 composite?
False
Is 536280077 prime?
False
Is 2245318 composite?
True
Is 211757111 composite?
True
Is 7852241 a prime number?
True
Is 2650549 composite?
True
Is 7907741 prime?
True
Is 22053687 prime?
False
Is 9173843 composite?
True
Is 134338 a prime number?
False
Is 1801967 composite?
False
Is 4520199 a prime number?
False
Is 3364529 composite?
True
Is 8841061 a prime number?
False
Is 16579517 composite?
True
Is 75544319 a composite number?
False
Is 33625087 a composite number?
False
Is 919889 a prime number?
False
Is 3510301 composite?
True
Is 8597159 a prime number?
True
Is 148593227 composite?
False
Is 59296165 a prime number?
False
Is 33859181 composite?
True
Is 4103389 composite?
False
Is 2857969 a composite number?
True
Is 974359 prime?
True
Is 45903361 composite?
True
Is 34807555 a composite number?
True
Is 138233593 composite?
True
Is 5210641 prime?
False
Is 15416053 prime?
True
Is 614377 a prime number?
True
Is 23327429 a prime number?
True
Is 61544413 a composite number?
True
Is 4045607 prime?
False
Is 2304997 prime?
True
Is 22034377 a composite number?
True
Is 174941 a prime number?
False
Is 81488643 a prime number?
False
Is 15264442 a prime number?
False
Is 2829986 prime?
False
Is 334513801 a prime number?
True
Is 36535541 a composite number?
True
Is 47678753 a prime number?
True
Is 963468895 prime?
False
Is 5362109 prime?
True
Is 590694239 a composite number?
False
Is 164256523 a prime number?
False
Is 21413671 a prime number?
False
Is 4231433 a composite number?
True
Is 3432581 a composite number?
True
Is 536052763 composite?
False
Is 6498187 composite?
True
Is 14089297 a composite number?
False
Is 122191679 a composite number?
True
Is 1903579 a composite number?
False
Is 27451603 composite?
True
Is 2436347 a composite number?
True
Is 39783167 a composite number?
True
Is 303568805 a prime number?
False
Is 2164907 composite?
True
Is 6813133 a composite number?
True
Is 19145561 a prime number?
False
Is 518545507 a prime number?
True
Is 15508861 prime?
True
Is 35742329 a composite number?
True
Is 8489641 prime?
True
Is 134249341 prime?
False
Is 41022911 prime?
True
Is 29795939 a prime number?
True
Is 12435853 a prime number?
True
Is 3126961 prime?
True
Is 420750217 a prime number?
True
Is 208396099 composite?
True
Is 63359341 prime?
False
Is 3817339 prime?
True
Is 2750077 a composite number?
True
Is 72336347 prime?
True
Is 222441209 prime?
False
Is 37617287 composite?
False
Is 338708009 a composite number?
False
Is 73444619 a composite number?
False
Is 1457011 prime?
True
Is 110038583 prime?
True
Is 417341 prime?
False
Is 70207751 composite?
False
Is 24504757 composite?
True
Is 1638347 prime?
True
Is 464459 composite?
False
Is 2995345 prime?
False
Is 30632257 a prime number?
False
Is 146475851 prime?
True
Is 576558659 composite?
True
Is 273800309 composite?
False
Is 2284859 prime?
True
Is 57357689 a composite number?
False
Is 433774027 a composite number?
False
Is 18347135 composite?
True
Is 1956313 prime?
True
Is 3490303 composite?
False
Is 26038879 a composite number?
False
Is 9484507 prime?
False
Is 26921243 composite?
True
Is 224070131 prime?
True
Is 103402361 composite?
True
Is 5742773 a composite number?
True
Is 334376333 prime?
False
Is 839663 a composite number?
True
Is 37140127 a composite number?
True
Is 163895 a prime number?
False
Is 9865511 prime?
True
Is 39383263 composite?
False
Is 2418055 composite?
True
Is 23995217 a composite number?
True
Is 1764501 prime?
False
Is 2644063 prime?
True
Is 2422939 a composite number?
False
Is 139835071 a composite number?
True
Is 11043759 prime?
False
Is 652679 a prime number?
False
Is 142694138 a prime number?
False
Is 545949461 a prime number?
True
Is 109886123 a prime number?
False
Is 8499199 a composite number?
True
Is 2167337 prime?
False
Is 25716287 a prime number?
False
Is 10383251 a composite number?
False
Is 415437889 prime?
False
Is 14681897 a prime number?
False
Is 8015591 prime?
True
Is 1350856829 prime?
False
Is 58851601 composite?
False
Is 262508711 a composite number?
False
Is 2056787 a composite number?
False
Is 174457 a composite number?
False
Is 165685477 a composite number?
False
Is 551524318 prime?
False
Is 83882287 a prime number?
False
Is 7937239 a prime number?
False
Is 10994743 composite?
True
Is 70744493 a composite number?
True
Is 50685883 a composite number?
False
Is 143721559 composite?
False
Is 15499186 prime?
False
Is 9852827 a prime number?
True
Is 15145573 prime?
True
Is 17504141 a prime number?
True
Is 110843401 a composite number?
False
Is 910716731 a prime number?
True
Is 1670399 a composite number?
False
Is 828559 a prime number?
False
Is 71915783 composite?
True
Is 6154103 composite?
False
Is 13925341 composite?
False
Is 237278081 a prime number?
False
Is 22384855 composite?
True
Is 3356165 composite?
True
Is 2071897 a composite number?
False
Is 4793141 a prime number?
True
Is 436364459 a composite number?
True
Is 336084909 a prime number?
False
Is 17053111 a composite number?
False
Is 14776535 a prime number?
False
Is 310109333 a composite number?
False
Is 56135239 prime?
True
Is 9521587 a prime number?
True
Is 45111041 composite?
True
Is 66203161 a prime number?
True
Is 3787031 a prime number?
True
Is 394530061 a prime number?
True
Is 921091 a prime number?
True
Is 98541689 composite?
False
Is 27182599 prime?
False
Is 17044481 a composite number?
True
Is 23107943 a composite number?
True
Is 3886427 a prime number?
False
Is 2175059 a prime number?
True
Is 10442591 composite?
False
Is 291616945 prime?
False
Is 5312929 prime?
True
Is 38343377 prime?
True
Is 2421011 a composite number?
True
Is 10288041 a composite number?
True
Is 112851607 a prime number?
False
Is 5375099 prime?
True
Is 4031977 a prime number?
True
Is 12043979 a prime number?
True
Is 1576469 prime?
False
Is 24183001 a prime number?
True
Is 120802243 a prime number?
True
Is 61376243 composite?
True
Is 178310411 a prime number?
True
Is 3999067 prime?
True
Is 899371 composite?
True
Is 268635569 a composite number?
False
Is 700331 composite?
False
Is 2056537 a composite number?
True
Is 54098459 a prime number?
True
Is 5549813 a composite number?
False
Is 9347914 a composite number?
True
Is 16468769 composite?
False
Is 174124069 prime?
False
Is 223889 a composite number?
True
I